{"id":78,"date":"2017-06-19T19:40:51","date_gmt":"2017-06-19T19:40:51","guid":{"rendered":"http:\/\/mg-studioprojekt.pl\/?page_id=78"},"modified":"2017-06-20T14:57:47","modified_gmt":"2017-06-20T14:57:47","slug":"o-nas-w-prasie","status":"publish","type":"page","link":"https:\/\/mg-studioprojekt.pl\/?page_id=78","title":{"rendered":"O NAS W PRASIE"},"content":{"rendered":"<p style=\"text-align: left;\"><img loading=\"lazy\" decoding=\"async\" class=\"alignleft wp-image-111 size-medium\" title=\"Murator gazeta\" src=\"http:\/\/mg-studioprojekt.pl\/wp-content\/uploads\/2017\/06\/murator_kwiecien-222x300.jpg\" alt=\"\" width=\"222\" height=\"300\" srcset=\"https:\/\/mg-studioprojekt.pl\/wp-content\/uploads\/2017\/06\/murator_kwiecien-222x300.jpg 222w, https:\/\/mg-studioprojekt.pl\/wp-content\/uploads\/2017\/06\/murator_kwiecien.jpg 591w\" sizes=\"auto, (max-width: 222px) 100vw, 222px\" \/><strong>miesi\u0119cznik ,, MURATOR\u201d nr4\/2016<\/strong><\/p>\n<p style=\"text-align: left;\">\nW numerze tym opublikowano wyniki nominacji do fina\u0142u konkursu ,,REMONT ROKU 2016\u201d\u00a0\u00a0 Spo\u015br\u00f3d ponad 15 tysi\u0119cy zg\u0142osze\u0144 znalaz\u0142em si\u0119 w finale konkursu w kategorii PODDASZE. Szczeg\u00f3\u0142owe informacje na stronie\u00a0<a href=\"http:\/\/muratordom.pl\/remont-roku\/edycja-2016\/\" target=\"_blank\" rel=\"noopener noreferrer\"> www.remontroku.pl<\/a><\/p>\n<p>&nbsp;<\/p>\n<p>&nbsp;<\/p>\n<p>&nbsp;<\/p>\n<p>&nbsp;<\/p>\n<p>&nbsp;<\/p>\n<p>&nbsp;<\/p>\n<p>&nbsp;<\/p>\n<p style=\"text-align: left;\"><img loading=\"lazy\" decoding=\"async\" class=\"wp-image-112 alignleft\" title=\"Murator gazeta\" src=\"http:\/\/mg-studioprojekt.pl\/wp-content\/uploads\/2017\/06\/wlasny_dom_czerwiec-234x300.jpg\" alt=\"\" width=\"224\" height=\"287\" srcset=\"https:\/\/mg-studioprojekt.pl\/wp-content\/uploads\/2017\/06\/wlasny_dom_czerwiec-234x300.jpg 234w, https:\/\/mg-studioprojekt.pl\/wp-content\/uploads\/2017\/06\/wlasny_dom_czerwiec.jpg 700w\" sizes=\"auto, (max-width: 224px) 100vw, 224px\" \/><strong>miesi\u0119cznik ,, W\u0141ASNY DOM z konceptem\u201d nr6\/2015<\/strong><\/p>\n<p style=\"text-align: left;\">\n<p style=\"text-align: left;\">W numerze tym wyst\u0105pi\u0142em w rybryce ,, Ekspert radzi\u201d Mia\u0142em zaszczyt udzieli\u0107 wywiadu na temat nowoczesnych rozwi\u0105za\u0144 elewacji dom\u00f3w jednorodzinnych. Om\u00f3wili\u015bmy aspekty prawne, estetyczne, rozwi\u0105zania materia\u0142owe oraz detale wyko\u0144czeniowe.<\/p>\n<p>&nbsp;<\/p>\n<p>&nbsp;<\/p>\n<p>&nbsp;<\/p>\n<p>&nbsp;<\/p>\n<p>&nbsp;<\/p>\n<p>&nbsp;<\/p>\n<p><img loading=\"lazy\" decoding=\"async\" class=\"wp-image-113 alignleft\" title=\"Murator gazeta\" src=\"http:\/\/mg-studioprojekt.pl\/wp-content\/uploads\/2017\/06\/wlasny_dom_marzec-234x300.jpg\" alt=\"\" width=\"223\" height=\"287\" \/><\/p>\n<p style=\"text-align: left;\"><strong>miesi\u0119cznik ,, W\u0141ASNY DOM z konceptem\u201d nr3\/2015<\/strong><\/p>\n<p style=\"text-align: left;\">\nW numerze tym\u00a0 w artykule ,, OPTYMALNA MODERNIZACJA DOMU\u201d mia\u0142em zaszczyt zaprezentowa\u0107 jedn\u0105 z naszej realizacji jako dobry przyk\u0142ad przebudowy domu jednorodzinnego. Po\u0142\u0105czenie \u0142adnej elewacji wraz z dobr\u0105 funkcj\u0105 budynku. Szczeg\u00f3\u0142y znajdziecie Pa\u0144stwo w zak\u0142adce PROJEKTY-DOMU JEDNORODZINNE.<\/p>\n<p>&nbsp;<\/p>\n","protected":false},"excerpt":{"rendered":"<p>miesi\u0119cznik ,, MURATOR\u201d nr4\/2016 W numerze tym opublikowano wyniki nominacji do fina\u0142u konkursu ,,REMONT ROKU 2016\u201d\u00a0\u00a0 Spo\u015br\u00f3d ponad 15 tysi\u0119cy zg\u0142osze\u0144 znalaz\u0142em si\u0119 w finale konkursu w kategorii PODDASZE. Szczeg\u00f3\u0142owe informacje na stronie\u00a0 www.remontroku.pl &nbsp; &nbsp; &nbsp; &nbsp; &nbsp; &nbsp; &nbsp; miesi\u0119cznik ,, W\u0141ASNY DOM z konceptem\u201d nr6\/2015 W numerze tym wyst\u0105pi\u0142em w rybryce ,, <a class=\"read-more\" href=\"https:\/\/mg-studioprojekt.pl\/?page_id=78\">Read More<\/a><\/p>\n","protected":false},"author":1,"featured_media":0,"parent":0,"menu_order":0,"comment_status":"closed","ping_status":"closed","template":"template-full-width.php","meta":{"footnotes":""},"class_list":["post-78","page","type-page","status-publish","hentry"],"_links":{"self":[{"href":"https:\/\/mg-studioprojekt.pl\/index.php?rest_route=\/wp\/v2\/pages\/78","targetHints":{"allow":["GET"]}}],"collection":[{"href":"https:\/\/mg-studioprojekt.pl\/index.php?rest_route=\/wp\/v2\/pages"}],"about":[{"href":"https:\/\/mg-studioprojekt.pl\/index.php?rest_route=\/wp\/v2\/types\/page"}],"author":[{"embeddable":true,"href":"https:\/\/mg-studioprojekt.pl\/index.php?rest_route=\/wp\/v2\/users\/1"}],"replies":[{"embeddable":true,"href":"https:\/\/mg-studioprojekt.pl\/index.php?rest_route=%2Fwp%2Fv2%2Fcomments&post=78"}],"version-history":[{"count":12,"href":"https:\/\/mg-studioprojekt.pl\/index.php?rest_route=\/wp\/v2\/pages\/78\/revisions"}],"predecessor-version":[{"id":116,"href":"https:\/\/mg-studioprojekt.pl\/index.php?rest_route=\/wp\/v2\/pages\/78\/revisions\/116"}],"wp:attachment":[{"href":"https:\/\/mg-studioprojekt.pl\/index.php?rest_route=%2Fwp%2Fv2%2Fmedia&parent=78"}],"curies":[{"name":"wp","href":"https:\/\/api.w.org\/{rel}","templated":true}]}}