{"id":4,"date":"2017-06-19T17:19:00","date_gmt":"2017-06-19T17:19:00","guid":{"rendered":"http:\/\/mg-studioprojekt.pl\/?page_id=4"},"modified":"2017-06-21T14:41:22","modified_gmt":"2017-06-21T14:41:22","slug":"pracownia","status":"publish","type":"page","link":"https:\/\/mg-studioprojekt.pl\/","title":{"rendered":"PRACOWNIA"},"content":{"rendered":"<p><meta name=\"google-site-verification\" content=\"Q7YNeCZ3I7Vs-fBw0lM3b1FREtyBELGeubH5FnLR8e4\" \/><\/p>\n<p style=\"text-align: left;\">\n<p style=\"text-align: left;\"><span style=\"color: #000000;\">Przedmiotem dzia\u0142alno\u015bci MG Studio Projekt jest projektowanie oraz kompleksowa obs\u0142uga inwestycji budowlanych.\u00a0 Zaczynaj\u0105c od koncepcji, opracowuj\u0105c wielobran\u017cowe projekty budowlane i\u00a0 wykonawcze, ko\u0144cz\u0105c na odbiorach budowlanych. Na \u017cyczenie inwestora\u00a0 za\u0142atwiamy wszelkie formalno\u015bci w urz\u0119dach i innych instytucjach celem\u00a0 uzyskania stosownych pozwole\u0144 i uzgodnie\u0144. Podczas realizacji inwestycji prowadzimy nadzory autorskie i inwestorskie\u00a0 bior\u0105c tym samym pe\u0142n\u0105 odpowiedzialno\u015b\u0107 za odbi\u00f3r obiektu do\u00a0 u\u017cytkowania.<\/span><\/p>\n<p><a href=\"http:\/\/mg-studioprojekt.pl\/wp-content\/uploads\/2017\/06\/marcelgilarchitekt.png\" target=\"_blank\" rel=\"noopener noreferrer\"><img loading=\"lazy\" decoding=\"async\" class=\"alignleft wp-image-25 \" title=\"MARCEL GIL\" src=\"http:\/\/mg-studioprojekt.pl\/wp-content\/uploads\/2017\/06\/marcelgilarchitekt-300x225.png\" alt=\"\" width=\"311\" height=\"236\" \/><\/a>ARCHITEKT PROWADZ\u0104CY- W\u0141A\u015aCICIEL<\/p>\n<p>mgr in\u017c. arch. Marcel Gil<\/p>\n<p>absolwent Wydzia\u0142u Architektury i Budownictwa na Politechnice Bia\u0142ostockiej<\/p>\n<p>Cz\u0142onek Mazowieckiej Izby Architekt\u00f3w RP nr MA-2466<\/p>\n<p>Uprawnienia Budowlane nr MA\/057\/12<\/p>\n<p>&nbsp;<\/p>\n<p>&nbsp;<\/p>\n<p><img loading=\"lazy\" decoding=\"async\" class=\"alignleft wp-image-120\" title=\"MARCEL GIL\" src=\"http:\/\/mg-studioprojekt.pl\/wp-content\/uploads\/2017\/06\/02-300x225.png\" alt=\"\" width=\"311\" height=\"233\" srcset=\"https:\/\/mg-studioprojekt.pl\/wp-content\/uploads\/2017\/06\/02-300x225.png 300w, https:\/\/mg-studioprojekt.pl\/wp-content\/uploads\/2017\/06\/02-768x576.png 768w, https:\/\/mg-studioprojekt.pl\/wp-content\/uploads\/2017\/06\/02.png 800w\" sizes=\"auto, (max-width: 311px) 100vw, 311px\" \/>ARCHITEKT &#8211; PARTNER BIZNESOWY<\/p>\n<p>mgr in\u017c. arch. Jakub Nowak<\/p>\n<p>absolwent Wydzia\u0142u Architektury i Budownictwa na Politechnice Warszawskiej<\/p>\n<p>Cz\u0142onek Mazowieckiej Izby Architekt\u00f3w RP nr MA-1059<\/p>\n<p>Uprawnienia Budowlane nr WA-72\/93<\/p>\n<p>&nbsp;<\/p>\n<p>&nbsp;<\/p>\n<p><strong>Wsp\u00f3\u0142praca bran\u017cowa<\/strong><br \/>\nZe wzgl\u0119du na wielobran\u017cowy charakter dzia\u0142alno\u015bci biura, posiadamy sta\u0142ych sprawdzonych wsp\u00f3\u0142pracownik\u00f3w\u00a0 bran\u017cowych ( konstrukcje, instalacje elektryczne i teletechniczne, sanitarne, BHP, PPO\u017b).<\/p>\n<p>To osoby i firmy o d\u0142ugoletnim sta\u017cu w bran\u017cy projektowo-budowlanej posiadaj\u0105ce niezb\u0119dne uprawnienia do wykonywania reprezentowanych przez siebie specjalno\u015bci.<\/p>\n","protected":false},"excerpt":{"rendered":"<p>Przedmiotem dzia\u0142alno\u015bci MG Studio Projekt jest projektowanie oraz kompleksowa obs\u0142uga inwestycji budowlanych.\u00a0 Zaczynaj\u0105c od koncepcji, opracowuj\u0105c wielobran\u017cowe projekty budowlane i\u00a0 wykonawcze, ko\u0144cz\u0105c na odbiorach budowlanych. Na \u017cyczenie inwestora\u00a0 za\u0142atwiamy wszelkie formalno\u015bci w urz\u0119dach i innych instytucjach celem\u00a0 uzyskania stosownych pozwole\u0144 i uzgodnie\u0144. Podczas realizacji inwestycji prowadzimy nadzory autorskie i inwestorskie\u00a0 bior\u0105c tym samym pe\u0142n\u0105 odpowiedzialno\u015b\u0107 <a class=\"read-more\" href=\"https:\/\/mg-studioprojekt.pl\/\">Read More<\/a><\/p>\n","protected":false},"author":1,"featured_media":0,"parent":0,"menu_order":1,"comment_status":"closed","ping_status":"closed","template":"template-full-width.php","meta":{"footnotes":""},"class_list":["post-4","page","type-page","status-publish","hentry"],"_links":{"self":[{"href":"https:\/\/mg-studioprojekt.pl\/index.php?rest_route=\/wp\/v2\/pages\/4","targetHints":{"allow":["GET"]}}],"collection":[{"href":"https:\/\/mg-studioprojekt.pl\/index.php?rest_route=\/wp\/v2\/pages"}],"about":[{"href":"https:\/\/mg-studioprojekt.pl\/index.php?rest_route=\/wp\/v2\/types\/page"}],"author":[{"embeddable":true,"href":"https:\/\/mg-studioprojekt.pl\/index.php?rest_route=\/wp\/v2\/users\/1"}],"replies":[{"embeddable":true,"href":"https:\/\/mg-studioprojekt.pl\/index.php?rest_route=%2Fwp%2Fv2%2Fcomments&post=4"}],"version-history":[{"count":10,"href":"https:\/\/mg-studioprojekt.pl\/index.php?rest_route=\/wp\/v2\/pages\/4\/revisions"}],"predecessor-version":[{"id":192,"href":"https:\/\/mg-studioprojekt.pl\/index.php?rest_route=\/wp\/v2\/pages\/4\/revisions\/192"}],"wp:attachment":[{"href":"https:\/\/mg-studioprojekt.pl\/index.php?rest_route=%2Fwp%2Fv2%2Fmedia&parent=4"}],"curies":[{"name":"wp","href":"https:\/\/api.w.org\/{rel}","templated":true}]}}